s of p.
3, 13
List the prime factors of (0 - -1)*(-12)/12 - -696.
5, 139
Let b(v) = -v**3 + 2*v**2 + 2*v - 1. Let d be b(2). Suppose l - 192 = -2*l + d*h, l - 4*h = 49. What are the prime factors of l?
3, 23
Suppose -5*p = -10*p + 15. Suppose -3*x + 15 = 0, z + 4*x = p + 19. List the prime factors of (-1)/(z/(-36)) + -3.
3, 5
Let v be (276/(-9))/(4/(-6)). Let b = 95 - v. Suppose 2*h = -n + 21, h - 5*n + b = 4*h. List the prime factors of h.
2
Suppose t = -4*t + 5, -4*t = 3*x - 274. List the prime factors of x.
2, 3, 5
Let t(p) = -2*p + 29. Let q be t(13). Suppose 0 = q*g - 142 - 53. List the prime factors of g.
5, 13
Suppose 5*o - 4*c = 22, 3*c + 12 = 2*o - 1. Let k(b) = 2 - o - b**2 + 10*b + 4 - 2. What are the prime factors of k(8)?
2, 3
Suppose 0 = -5*u + 2*m + 2*m + 12, -3*m = u + 9. Suppose u = -3*b - 2*g + 19, -3*b + 4*g + 5 = 16. Suppose b*h - 12 = -0*h. List the prime factors of h.
2
Suppose 4*v - 7*v + 1017 = 0. What are the prime factors of v?
3, 113
Suppose 350 = 4*f + s, 0 = -4*f + f + 3*s + 255. Suppose 2*v + v = f. What are the prime factors of v?
29
Let y(s) = s**3 - 7*s**2 + 2*s + 33. What are the prime factors of y(9)?
3, 71
Let h be (-6)/(-21) - 201/(-7). Let g = h - 8. What are the prime factors of g?
3, 7
Let o(w) be the third derivative of w**5/15 - 3*w**4/8 - 11*w**3/6 + 10*w**2. List the prime factors of o(-5).
2, 67
What are the prime factors of 1040/15 + 3 - 34/(-51)?
73
Let m = -25 + 11. Let b = 6 + m. List the prime factors of b/3*(-66)/8.
2, 11
Suppose -3*z = 89 - 368. Let d = z - 54. List the prime factors of d.
3, 13
Suppose -x - 9 = -13. Suppose 3*n - x - 101 = 0. List the prime factors of n.
5, 7
What are the prime factors of (-36)/84 - -2103*(-1)/(-7)?
2, 3, 5
Suppose -19*z = -23*z - y + 2041, -1521 = -3*z - 4*y. What are the prime factors of z?
7, 73
Let y be ((-10)/4 - -2)/(1/526). Let d = -132 - y. What are the prime factors of d?
131
Suppose -32408 = 35*z - 233098. List the prime factors of z.
2, 47, 61
Let j = -48 - -19. Let y(g) = -g**3 + 42*g**2 - g + 76. Let d be y(42). Let u = d + j. List the prime factors of u.
5
Let s = 21 - 19. Suppose q = g + s*g - 184, -48 = -g - 3*q. What are the prime factors of g?
2, 3, 5
Suppose -s = -4*g + 502 + 54, -2*g + 288 = 2*s. What are the prime factors of g?
2, 5, 7
Let g(w) = 2*w**2 - 10*w - 27. Let m be g(9). Let v be (-97)/6 - 2/(-12). Let b = v + m. What are the prime factors of b?
29
Let o = 10616 - 7176. What are the prime factors of o?
2, 5, 43
What are the prime factors of -7 - (-1 - 5 - 2818)?
3, 313
Let n = -26 + 44. Suppose -m + 10 = n. List the prime factors of ((-96)/(-9))/(m/(-12)).
2
Let h(v) = -2*v - 2*v**3 + 11*v**2 + 2*v**2 - 300 + 313. List the prime factors of h(6).
37
Suppose 4*t - 3*x = -6*x + 6541, 4*x + 4937 = 3*t. What are the prime factors of t?
11, 149
Let a = 1288 - 37. List the prime factors of a.
3, 139
Let x = -873 - -1427. What are the prime factors of x?
2, 277
Let h be 3/12 + 46/8. Suppose h = -3*z - 3. List the prime factors of (-2)/z - (-174)/9.
2, 5
Suppose 2*v - 5*v + 1256 = 4*s, 0 = -s - 4*v + 314. List the prime factors of s.
2, 157
Let c(l) = -8*l + 13. What are the prime factors of c(-13)?
3, 13
What are the prime factors of (-3)/(-2) + (-3)/((-48)/38072)?
2381
Let f(q) = -q**2 - q + 4. Let v be f(0). Suppose j + 372 = v*j. List the prime factors of j.
2, 31
Let w be -5 + 4 + (-312)/(-1) + 1. Suppose -8*y + 20*y = w. What are the prime factors of y?
2, 13
Suppose 3*g + 133 = 3*w + 7*g, 2*w - 4*g - 82 = 0. Let x = 119 - w. What are the prime factors of x/12 - 6/(-9)?
7
Suppose 2*i + 3*i = 0. Suppose -32 = 5*v - 3*t, -2*v + i*t = -5*t + 28. List the prime factors of -46*v/8 - 1.
2, 11
Suppose -2*j - 18 = 2*k, 4*k - 9 = 5*k - j. Let h = 13 + k. Suppose 71 = h*s - 9. List the prime factors of s.
2, 5
Let q(o) = -15*o - 5. Let l be q(-2). Let s = l + -23. Suppose 104 = -s*a + 4*a. What are the prime factors of a?
2, 13
Let b = -88 - 29. Let s = -70 - b. What are the prime factors of s?
47
List the prime factors of ((-419)/(-2))/((-6)/(-36)).
3, 419
Suppose -5*j + o - 198 = -3*j, -5*j + 4*o = 489. What are the prime factors of 1 + 4/(-4) + (-1 - j)?
2, 5
Let u be (-2)/(-7)*-1 + (-1073)/(-203). Suppose -u*k - 10 = 0, k - 566 + 73 = -3*c. List the prime factors of c.
3, 5, 11
Let r(h) = -3*h**2 + 2*h. Let t(m) = 2*m**2 - 2*m + 1. Let g(s) = -3*r(s) - 4*t(s). List the prime factors of g(3).
11
Let d(x) = x + 10. Let m be d(-3). List the prime factors of (-21)/2*(m + -11).
2, 3, 7
Let q = 16 - 5. Let t = q + 53. What are the prime factors of t?
2
Suppose 1483 + 80 = 3*g. List the prime factors of g.
521
What are the prime factors of ((4 - 2)/6)/(2/240)?
2, 5
Suppose 2*n - 629 = 5*w, -n + 180 = -w - 136. What are the prime factors of n?
317
Suppose 4*b = -b - 2*k + 22, -4*b + 4 = 5*k. Let i be (-1)/b + 327/18. What are the prime factors of (i - -2)*1 - -4?
2, 3
Suppose -5*t - 2282 = -2*s - 360, 3834 = 4*s - 5*t. Suppose -2*n + a = -4*n + 478, -4*n + 3*a = -s. What are the prime factors of n?
239
Let t(b) = -b**3 - 7*b**2 + 10*b + 12. Let d be t(-8). Let g be 31 + (-4 - d)/(-1). Let o = g - 26. List the prime factors of o.
5
Let f = -9570 - -13409. List the prime factors of f.
11, 349
Let h(w) = -w**3 - 6*w**2 - 3. Let n be h(-6). Let t = n + 3. Suppose t*r + 6 = 2*r. What are the prime factors of r?
3
Let h(m) = 12*m**2 - m + 4. Let b = -85 - -82. List the prime factors of h(b).
5, 23
Suppose 0 = 3*o - 9 + 3. Suppose 0 = -o*h - 3*f + 34, 6*h - 71 = h - 4*f. Let t = h + 2. What are the prime factors of t?
13
Let o(c) = 7*c**2 + c - 2. Let l be o(1). Suppose -l*r = -24 - 378. What are the prime factors of r?
67
Let r(n) = 19*n**3 - 5*n - 17. What are the prime factors of r(5)?
2333
Suppose -4*u = -u - 9. Let y be ((-6)/6)/((-1)/u). List the prime factors of 48/(27/6 - y).
2
Suppose -5*r + 5*v = -120, -2*r + 51 = 3*v - 6*v. Suppose 2*q - 53 = -5*l, -2*l - 9 = 5*q - 89. Let u = r - q. What are the prime factors of u?
7
Suppose -9 = 3*r, -6*c + 4*r = -3*c - 885. List the prime factors of c.
3, 97
Let q(h) = -3*h**3 - 6*h**2 + 3*h + 1. Let o(s) = s**3 + s**2 - s. Let f(l) = 2*o(l) + q(l). Let i = 64 + -69. What are the prime factors of f(i)?
3, 7
Let f(s) = 8*s - 54. Let a be f(-14). Let x = 377 + a. What are the prime factors of x?
211
List the prime factors of -3 + 4 - ((-10368)/(-4))/(-3).
5, 173
Suppose -9*i = -6 - 21. Let u(j) = 9*j**2 + 3*j - 9. List the prime factors of u(i).
3
Suppose 4*f + 897 = 5*c, 10*c - 5*f - 900 = 5*c. What are the prime factors of c?
3, 59
Let h be 0/(3/((-3)/(-1))). Suppose h + 25 = p + 3*t, -5*p = t - 69. Suppose p = 5*w - 17. What are the prime factors of w?
2, 3
Suppose 3*m = m - 3*j + 397, j = -1. What are the prime factors of m?
2, 5
Let p(i) = i + 1. Let g be p(1). Let s be (-2 - -11*7) + g. Let j = -54 + s. What are the prime factors of j?
23
Let x be 1357 + (-4 + -2)/(-6). Suppose -x = 17*a - 24*a. What are the prime factors of a?
2, 97
Let s(r) = 2*r**2 - 2*r + 13. Let c = -22 - -15. What are the prime factors of s(c)?
5
What are the prime factors of ((-152)/(-3))/(31/279)?
2, 3, 19
What are the prime factors of (-2 - (-147)/(-6))*(-108 - -2)?
53
Let v(f) = f**3 - 5*f**2 + 9*f - 1. What are the prime factors of v(8)?
263
Suppose -2*y + 26 + 52 = 0. Let d = y - 55. Let h = 30 + d. List the prime factors of h.
2, 7
Let v(z) = -z**3 - z**2 - z - 24. Let l be v(0). Let m be (0/(8/(-20)*-5))/1. Let b = m - l. What are the prime factors of b?
2, 3
What are the prime factors of ((-6)/(-12))/(3/540)?
2, 3, 5
Let q be (25/(-10))/(1/(-2)). Let b = 2 - q. Let a = 3 - b. List the prime factors of a.
2, 3
Let f(g) = 7*g**2 - 8*g - 69. What are the prime factors of f(-6)?
3, 7, 11
Suppose 0 = -34*k + 32*k + 2098. List the prime factors of k.
1049
Suppose 0 = -2*p - 15 - 17. Let j be 2/3 + p/(-3). What are the prime factors of ((-8)/j)/(2/(-45))?
2, 3, 5
Let q(d) = -581*d + 40. What are the prime factors of q(-1)?
3, 23
Suppose -1535 = -7*q + 8153. What are the prime factors of q?
2, 173
Let c = 170 + -114. List the prime factors of -1 - 3/(-4) - (-9702)/c.
173
Suppose 3*o = 2*o + 5. Suppose o*z - 300 = -z. List the prime factors of z.
2, 5
Let r(y) = -18*y**2 + y + 1. Let s be r(-1). Let p = s - -21. Suppose 3*